ue
Is 393913787 prime?
False
Is 1738149251 a prime number?
True
Is 1154597074 a prime number?
False
Is 4951605313 a composite number?
False
Is 33355531 a prime number?
False
Is 337603999801 composite?
False
Is 4664374237 a composite number?
False
Is 27809546411 composite?
False
Is 29403734729 a composite number?
False
Is 13620697 composite?
False
Is 7957107029 a composite number?
True
Is 2113288657 a prime number?
False
Is 20798361439 composite?
True
Is 2527702711 a composite number?
True
Is 346265238413 a composite number?
False
Is 266496521 prime?
True
Is 3199849691 prime?
False
Is 45869716117 composite?
True
Is 16427097983 a prime number?
False
Is 2554073611 a composite number?
False
Is 14069791 a prime number?
True
Is 124626860717 composite?
False
Is 33212880377 a prime number?
True
Is 84387304457 composite?
True
Is 39941128259 prime?
False
Is 2716483999 a composite number?
True
Is 4174434769 prime?
False
Is 1229514721 a composite number?
False
Is 16299247343 a composite number?
False
Is 13392324593 a prime number?
True
Is 34897634977 a composite number?
False
Is 3749241511 a prime number?
True
Is 100101366527 composite?
True
Is 555700643 a composite number?
False
Is 129027817 a prime number?
True
Is 3840125779 composite?
True
Is 125285795 a prime number?
False
Is 443022949 prime?
False
Is 2369828893 prime?
True
Is 2376027589 a prime number?
False
Is 390061902613 composite?
False
Is 91418359 composite?
False
Is 4156219579 a prime number?
True
Is 2771485207 prime?
False
Is 141851158333 a composite number?
False
Is 3737407571 composite?
False
Is 87132528311 composite?
False
Is 1215829061 a prime number?
True
Is 1186929087 a composite number?
True
Is 854991407 prime?
True
Is 3900037943 a prime number?
False
Is 753818473 prime?
True
Is 144609495115 a prime number?
False
Is 96208969 composite?
True
Is 46725160711 a composite number?
True
Is 190908227 prime?
True
Is 123105372001 a prime number?
True
Is 824420093 prime?
False
Is 1122430373 prime?
False
Is 552229399 a composite number?
False
Is 41665658987 composite?
False
Is 175186462579 composite?
True
Is 942860405 a composite number?
True
Is 14420335991 composite?
True
Is 6935939909 a prime number?
False
Is 144209119 a composite number?
False
Is 5948328838 prime?
False
Is 4018201 composite?
True
Is 223878573647 a prime number?
True
Is 23172661327 prime?
False
Is 8858717291 prime?
True
Is 23479274011 a composite number?
False
Is 1472416453 a composite number?
False
Is 456464881 a composite number?
False
Is 7499864299 a composite number?
False
Is 32515821047 prime?
True
Is 2278745839 a prime number?
False
Is 1486062623 prime?
True
Is 190319717 a prime number?
False
Is 76598325953 a prime number?
True
Is 736815707 a composite number?
True
Is 266010529 a composite number?
False
Is 2185218389 prime?
False
Is 16543819 a composite number?
True
Is 128619066791 prime?
True
Is 6980452043 composite?
False
Is 31614481355 prime?
False
Is 5543526983 a prime number?
False
Is 697508489 a composite number?
True
Is 10959721 a composite number?
True
Is 2742667289 prime?
True
Is 392785069 prime?
True
Is 209548855171 prime?
False
Is 80694392671 a prime number?
True
Is 15542698469 a prime number?
False
Is 54146776133 a prime number?
False
Is 56094451981 a prime number?
False
Is 2992188499 composite?
False
Is 15132761119 a prime number?
False
Is 143676517 a prime number?
True
Is 2314249 composite?
True
Is 63004060501 prime?
True
Is 2601144743 a prime number?
True
Is 493003549 a prime number?
True
Is 3747250769 a composite number?
True
Is 40855008179 a prime number?
False
Is 7312079531 a composite number?
True
Is 11975700461 a composite number?
False
Is 1411569227 a composite number?
False
Is 24942487 prime?
False
Is 10142430229 a composite number?
False
Is 4140148763 composite?
False
Is 922497781 prime?
True
Is 4639736246 prime?
False
Is 230947999 a prime number?
False
Is 25761442687 a prime number?
True
Is 1724362163 composite?
False
Is 67460964719 a composite number?
False
Is 5721769639 a prime number?
False
Is 1820572249 prime?
True
Is 99002621 prime?
False
Is 64592933 a prime number?
False
Is 124322841779 a prime number?
True
Is 7262754157 a prime number?
False
Is 144069547 composite?
False
Is 8844435239 prime?
True
Is 6221352433 a composite number?
True
Is 62237366311 prime?
False
Is 1060687061 a composite number?
True
Is 37051459913 prime?
False
Is 967601645 composite?
True
Is 528962271 a composite number?
True
Is 322543457 prime?
False
Is 27478498039 prime?
True
Is 245929987 a prime number?
False
Is 9764987641 composite?
False
Is 409722479 a composite number?
True
Is 4178440009 a composite number?
True
Is 794219731 prime?
True
Is 13922667139 composite?
False
Is 42547058969 a prime number?
True
Is 58380093599 a composite number?
False
Is 109609411 prime?
False
Is 17727969227 a composite number?
False
Is 28164548099 composite?
True
Is 9229376081 a composite number?
False
Is 16442817667 composite?
True
Is 4295433143 prime?
True
Is 2002548791 a composite number?
False
Is 121826057 a prime number?
True
Is 31864412693 a prime number?
False
Is 2531455547 a composite number?
False
Is 59674882 a prime number?
False
Is 13489288669 prime?
True
Is 3630966643 prime?
True
Is 2781384031 a prime number?
False
Is 7335015487 prime?
True
Is 2705078009 composite?
False
Is 728672447 a composite number?
False
Is 1743336835 a composite number?
True
Is 5091485954 composite?
True
Is 349262363 a prime number?
True
Is 62917806299 prime?
True
Is 4127596511 a composite number?
False
Is 5654602601 prime?
False
Is 18594263917 a composite number?
False
Is 15819338329 composite?
True
Is 21215807891 a composite number?
True
Is 28207459673 a prime number?
False
Is 2004556237 composite?
True
Is 4047984203 a prime number?
True
Is 24160228503 a prime number?
False
Is 32792892947 composite?
True
Is 13555087699 a prime number?
True
Is 327180599 a prime number?
False
Is 1773824017 prime?
False
Is 14862684895 prime?
False
Is 6033259067 composite?
True
Is 8467620647 a prime number?
True
Is 2751450679 composite?
True
Is 526163623 a composite number?
True
Is 30258819893 a composite number?
False
Is 259756741 a prime number?
False
Is 28003862321 a prime number?
False
Is 366573990781 a prime number?
True
Is 2175940909 prime?
True
Is 1017237857 a prime number?
False
Is 42431939621 a composite number?
True
Is 64685760149 a prime number?
True
Is 36829828267 a prime number?
False
Is 35050041479 prime?
True
Is 24322996969 a prime number?
True
Is 9244901863 prime?
True
Is 154244687 prime?
True
Is 4944276661 a prime number?
True
Is 1886285503 a composite number?
False
Is 36171582571 composite?
False
Is 4733441351 a prime number?
True
Is 63332062843 composite?
True
Is 61519361923 composite?
False
Is 7408302049 composite?
True
Is 1265550641 a composite number?
False
Is 1854917683 a prime number?
True
Is 1025736923 a prime number?
True
Is 40318888265 a prime number?
False
Is 31006724633 a prime number?
True
Is 46815082393 a prime number?
True
Is 65316673 composite?
False
Is 6956301173 a composite number?
True
Is 3255379157 composite?
False
Is 10054656298 a prime number?
False
Is 2760640433 prime?
False
Is 2291254997 prime?
False
Is 2112016103 prime?
True
Is 601927811 composite?
False
Is 2020829201 prime?
False
Is 432882641 a composite number?
True
Is 5892308131 prime?
False
Is 598181459 a prime number?
True
Is 2422069487 composite?
True
Is 623201987 a composite number?
False
Is 20573729807 a composite number?
False
Is 520983409 a prime number?
True
Is 709338757 prime?
False
Is 19068741739 prime?
True
Is 30761448023 prime?
False
Is 563826037 composite?
True
Is 46224472409 prime?
True
Is 16737347293 prime?
False
Is 196952879369 a prime number?
True
Is 1360593361 a prime number?
True
Is 647466499 composite?
True
Is 48417249463 prime?
False
Is 253626613 a composite number?
False
Is 669377729 composite?
False
Is 5271033851 composite?
True
Is 1642733413 prime?
True
Is 915962563 a prime number?
True
Is 1586689703 a composite number?
True
Is 58197358903 a composite number?
False
Is 4045981153 a prime number?
True
Is 45314030461 a prime number?
False
Is 123560299 a prime number?
False
Is 5188413043 a prime number?
False
Is 2389636077 a prime number?
False
Is 6468448667 